 y. Suppose -f*p + 0*p + 20 = 0. Calculate the remainder when 22 is divided by p.
2
Suppose -2*g - 2*i - 77 + 407 = 0, -i + 327 = 2*g. Calculate the remainder when g is divided by 11.
8
Suppose 0 = 10*s - 4*s - 12. Suppose d - s*n = 3, -d + 20 = 2*d + 5*n. What is the remainder when 120/20*(-3)/(-2) is divided by d?
4
Suppose -6*i + 3*i + 540 = 0. Suppose -4 = -2*p + 4, -4*s = -2*p - i. What is the remainder when s is divided by 16?
15
Let y(m) = -m**2 + 15*m - 33. What is the remainder when ((21/(-14))/((-3)/(-172)))/(-1) is divided by y(8)?
17
Let m be ((-6)/(-3))/2 + 4. Suppose -7 = -f + m. Suppose 2*z - f = -2*z. What is the remainder when 10 is divided by z?
1
Suppose 2*y = -3*v + 12, 4 = 2*y + 4*v - 6. What is the remainder when -2*((-471)/42 + (-8)/28) is divided by y?
5
Let y = -7 - -15. Calculate the remainder when 14 is divided by y.
6
Suppose -j + 129 = o, 511 = 7*o - 3*o - j. Calculate the remainder when o is divided by 13.
11
Suppose -f + 3*t = -29, -3*f - 2*t + 4*t = -101. What is the remainder when 452 is divided by f?
32
Suppose 9*w + 3*w = -96. Calculate the remainder when w/20 + (328/20)/1 is divided by 4.
0
Let f be (1 + 1 - 2) + 4. Suppose f*p = 5*c - 338, -c + 2*p + 70 = -0*c. Calculate the remainder when c is divided by 36.
30
Suppose 1551 = 12*i - 1101. Calculate the remainder when i is divided by 25.
21
What is the remainder when 289 is divided by (6/4 - 2)/(26/(-2652))?
34
Suppose -c - 2*c = 0. Suppose c = -0*r + r - 22. Let q(z) = z**3 - 5*z**2 - 3*z - 10. Calculate the remainder when r is divided by q(6).
6
Let t(d) = 3*d**2 - 2*d + 1. Suppose -4*h + 3*h = -4*h. Suppose -2*g + c + 6 + 2 = h, 20 = 5*g + 5*c. Calculate the remainder when t(3) is divided by g.
2
Let r be 2*(-3)/(-6) - -2. Let u(c) = 2*c + 5. Let g(w) = 2*w**2 - 7*w + 1. Calculate the remainder when g(6) is divided by u(r).
9
Let v(u) = u**3 - 3*u**2 - u - 5. Let t be v(5). Let y = 78 - t. Suppose 0*n + n - 20 = 0. What is the remainder when y is divided by n?
18
Let h be (-1 + -32)*(-15)/9. Let s be 10/h - (-466)/(-22). Let n = s - -38. Calculate the remainder when 49 is divided by n.
15
What is the remainder when 236 is divided by -40*6/15*(-15)/12?
16
Let o = -7 - -4. Let p(c) = -c**2 - 5*c - 4. Let w(v) = -v**3 - 20*v**2 + 5. What is the remainder when w(-20) is divided by p(o)?
1
Suppose 0*f + 8 = -4*m + 4*f, -5*f + 18 = -m. Let w be (1/(-1))/(1/(-9)). Suppose -m*j + w = -7. Calculate the remainder when 21 is divided by j.
5
What is the remainder when 79 is divided by (-2)/6*((-1377)/(-9))/(-3)?
11
Suppose 5*x + 0*x - 6256 = -3*n, -5*n + x = -10436. What is the remainder when n is divided by 110?
107
Let j(w) = -4*w - 7 + 4*w**2 + 2*w**3 - w**3 + 5. Let g(c) = -3*c + 24. What is the remainder when g(-10) is divided by j(-4)?
12
Suppose 12*x - 8*x - 1364 = -4*p, -2*x - 1043 = -3*p. What is the remainder when p is divided by 75?
45
Let x(i) = 32*i + 60. Let h(d) = 13*d + 24. Let y(q) = 12*h(q) - 5*x(q). Calculate the remainder when 39 is divided by y(-8).
19
Let q(l) = -4*l + 32. Let g be q(14). Let a = g + 33. Let c(s) = 3*s + 1. What is the remainder when c(8) is divided by a?
7
Let k = 121 + -214. What is the remainder when 71 is divided by (-3 + k/(-12))*4?
14
Let u(d) = d**2 - 3*d - 3. Let k be u(4). Let t(g) = -g + 35*g**2 + 23*g**2 - 26*g**2. Calculate the remainder when t(k) is divided by 8.
7
Suppose -3*k + 11*k = 16. Suppose -i + 1 = k*l - 15, -3*l = i - 25. Calculate the remainder when (-4)/6 - (-107)/3 is divided by l.
8
Suppose 9 = -3*n, -3 + 12 = -3*j - 5*n. What is the remainder when 76 is divided by 17 + j - (2 - 3)/1?
16
Suppose 0*f + 2*c = 4*f - 186, 5*f - 5*c - 240 = 0. Suppose 5*p + 5*g = 80, 5*g - 12 = 2*g. Calculate the remainder when f is divided by p.
9
Suppose 5*d - t = 1055, -621 = -3*d + 3*t - 0*t. Suppose 0*m + w = 2*m - d, 5*w = 4*m - 436. Calculate the remainder when m is divided by 15.
14
Let i(t) = -4*t + 4. Let h be i(-6). Let l(a) = -26*a + 158. Let k be l(6). Calculate the remainder when h - (k + -2)/(-4) is divided by 15.
13
Let x(j) = 27*j + 237. Suppose -s + 68 = -3*d + 12, d - 4*s + 26 = 0. Let t = d + 26. What is the remainder when x(-8) is divided by t?
5
Let l(j) = 5*j**3 + 4*j**2 - 14*j - 5. What is the remainder when l(3) is divided by 18?
16
Let p(y) = -2*y**3 - 3*y**2 + 12*y + 25. What is the remainder when p(-6) is divided by 58?
45
Let b(m) = -153*m**3 - 3*m**2 + 13. Let z(f) = 102*f**3 + 2*f**2 - 9. Let k(w) = 5*b(w) + 7*z(w). What is the remainder when k(-1) is divided by 18?
16
Suppose -4*w = -401 + 49. Calculate the remainder when 349 is divided by w.
85
Let q be ((-485)/(-10))/((-3)/6). Let i = q + 213. Suppose -2*v + 47 = 2*b - b, -i = -5*v - 2*b. What is the remainder when v is divided by 12?
10
Calculate the remainder when 263 is divided by 7/35*1 + 339/5.
59
Let p(g) = 2*g**2 - 10*g + 11. What is the remainder when 148 is divided by p(8)?
30
Let c(b) = -3*b - 14. Let p = -759 - -771. What is the remainder when p is divided by c(-6)?
0
Let h(m) = -m**3 + m**2 - 2*m - 2. Let c be h(-4). Let f be (-2 + c)/(24/32). Suppose -4*w - f = -11*w. What is the remainder when 31 is divided by w?
15
Let k be ((-18)/(-7) - 4)*-14. Suppose 9 = -p + k. What is the remainder when 54 is divided by p?
10
Suppose h - 3*q = -0*q + 7, -2*h = 4*q - 14. Let w(n) = 245*n + 4945. Calculate the remainder when w(-20) is divided by h.
3
Let p(u) = 79*u + 477. Calculate the remainder when 292 is divided by p(-6).
1
Suppose 40 - 8 = -4*b. Let q be ((-4)/b)/((-2)/28). Let s(v) = -2*v - 6. What is the remainder when 29 is divided by s(q)?
5
Suppose -i + z + 43 = -3*z, 5*i + z - 110 = 0. Calculate the remainder when 39 is divided by 0 + 1 + i + -2.
17
Let y(c) be the third derivative of 0*c + 1/30*c**5 + 0 - 1/6*c**4 + 4/3*c**3 - 4*c**2. What is the remainder when 94 is divided by y(4)?
22
Suppose 0*k + 2*k = 78. Suppose -2*h - k = -5*o + 23, o = 5*h - 6. Calculate the remainder when ((-3)/(-9))/(4/492) is divided by o.
13
Let q be 51*((-56)/12)/(-7). Suppose 3*r = 5*r - q. What is the remainder when 84 is divided by r?
16
Suppose -2 = r - 5. Suppose -2*l + 132 = -2*d + 14, d = -r*l + 157. Calculate the remainder when l is divided by 29.
25
Let w(c) = -12*c + 66. Calculate the remainder when 1240 is divided by w(4).
16
Suppose 6*k = -4*n + 7*k + 39, 5*n + 4*k = 75. Calculate the remainder when 43 is divided by n.
10
Suppose -76 = -2*m - 2*m. Let l = 1078 + -1066. What is the remainder when m is divided by l?
7
Suppose 3*c = 2*h - 94, 0*h = h - 5*c - 33. What is the remainder when h is divided by 27?
26
Let j(z) = 3*z**2 + 3*z + 3. What is the remainder when j(-3) is divided by 4?
1
Let t(y) = -y**3 - 9*y**2 + 6*y + 64. What is the remainder when 89 is divided by t(-9)?
9
Let q = 6 - 7. Calculate the remainder when 2/(-60)*-6*195 is divided by (22 + q)*12/18.
11
Suppose 0 = -3*j + 14 + 46. Calculate the remainder when 2 - (-60 - (-3)/6*10) is divided by j.
17
Suppose 0 = -5*u - 484 - 116. Let z = 132 + u. What is the remainder when 63 is divided by z?
3
Suppose 58 = -12*b - 122. Calculate the remainder when 108 is divided by (6/4)/(b/(-160) + 0).
12
Let s = 41 + -38. Suppose 30 = 8*k - s*k. Suppose -k*y + 2*y = -76. Calculate the remainder when y is divided by 5.
4
Let g = -80 + 94. Let n(w) = 8*w - 17. Calculate the remainder when n(14) is divided by g.
11
Let z = -23 - -59. Let h = -30 + z. What is the remainder when 23 is divided by h?
5
Let b = 6 - -39. Let v = -23 + b. What is the remainder when 87 is divided by v?
21
Suppose 0 = 4*s - 1717 + 589. What is the remainder when s is divided by 24?
18
What is the remainder when 8/3 - 2 - (-10790)/78 is divided by 24?
19
Suppose 0 = -974*s + 964*s + 870. Calculate the remainder when 433 is divided by s.
85
Let i = 42 + -15. Suppose m + i = -2*m. Calculate the remainder when 26 is divided by 120/9 - 6/m.
12
Let w(z) = 2*z + 44. Let d be w(-17). Suppose -3*i - d*i = -182. Calculate the remainder when 55 is divided by i.
13
Let h(f) = -11*f - 6. Let v(d) = -11*d - 6. Let p(s) = 6*h(s) - 7*v(s). Calculate the remainder when p(4) is divided by 13.
11
Let m = 85 - 46. Let z = m - 6. What is the remainder when z is divided by 18?
15
Suppose 0 = -2*f + 3*l + 8, -3*f + 4*l + 12 = 2*l. 